{"id":8,"date":"2011-09-15T11:08:33","date_gmt":"2011-09-15T09:08:33","guid":{"rendered":"http:\/\/www.malerdeck.de\/blog\/?page_id=8"},"modified":"2026-01-08T18:52:50","modified_gmt":"2026-01-08T16:52:50","slug":"impressum","status":"publish","type":"page","link":"https:\/\/www.malerdeck.de\/blog\/impressum","title":{"rendered":"Impressum"},"content":{"rendered":"<p><span style=\"border-radius: 2px; text-indent: 20px; width: auto; padding: 0px 4px 0px 0px; text-align: center; font: bold 11px\/20px 'Helvetica Neue',Helvetica,sans-serif; color: #ffffff; background: #bd081c  no-repeat scroll 3px 50% \/ 14px 14px; position: absolute; opacity: 1; z-index: 8675309; display: none; cursor: pointer;\">Merken<\/span><\/p>\n\n\n<h1 class=\"wp-block-heading\"><a href=\"https:\/\/wernerdeck.de\/blog\/impressum\/\" target=\"_blank\" rel=\"noreferrer noopener\">Impressum, hier klicken<\/a>.<\/h1>\n\n\n\n<p>Nach Beendigung der Gesch\u00e4ftst\u00e4tigkeit von malerdeck, bleibt dieser Blog aus Informationsgr\u00fcnden privat durch Werner Deck im Netz. <\/p>\n\n\n\n<p><\/p>\n","protected":false},"excerpt":{"rendered":"<p>Merken Impressum, hier klicken. Nach Beendigung der Gesch\u00e4ftst\u00e4tigkeit von malerdeck, bleibt dieser Blog aus Informationsgr\u00fcnden privat durch Werner Deck im Netz.<\/p>\n","protected":false},"author":2,"featured_media":0,"parent":0,"menu_order":0,"comment_status":"open","ping_status":"open","template":"","meta":{"footnotes":""},"class_list":["post-8","page","type-page","status-publish","hentry"],"_links":{"self":[{"href":"https:\/\/www.malerdeck.de\/blog\/wp-json\/wp\/v2\/pages\/8","targetHints":{"allow":["GET"]}}],"collection":[{"href":"https:\/\/www.malerdeck.de\/blog\/wp-json\/wp\/v2\/pages"}],"about":[{"href":"https:\/\/www.malerdeck.de\/blog\/wp-json\/wp\/v2\/types\/page"}],"author":[{"embeddable":true,"href":"https:\/\/www.malerdeck.de\/blog\/wp-json\/wp\/v2\/users\/2"}],"replies":[{"embeddable":true,"href":"https:\/\/www.malerdeck.de\/blog\/wp-json\/wp\/v2\/comments?post=8"}],"version-history":[{"count":42,"href":"https:\/\/www.malerdeck.de\/blog\/wp-json\/wp\/v2\/pages\/8\/revisions"}],"predecessor-version":[{"id":27024,"href":"https:\/\/www.malerdeck.de\/blog\/wp-json\/wp\/v2\/pages\/8\/revisions\/27024"}],"wp:attachment":[{"href":"https:\/\/www.malerdeck.de\/blog\/wp-json\/wp\/v2\/media?parent=8"}],"curies":[{"name":"wp","href":"https:\/\/api.w.org\/{rel}","templated":true}]}}